{"id":211,"date":"2019-01-19T15:34:30","date_gmt":"2019-01-19T15:34:30","guid":{"rendered":"http:\/\/mit-musik-geht-reha-besser.de\/?page_id=211"},"modified":"2025-06-25T19:15:09","modified_gmt":"2025-06-25T19:15:09","slug":"neurologische-musiktherapie-sprach-sprech-und-stimmtraining","status":"publish","type":"page","link":"http:\/\/mit-musik-geht-reha-besser.de\/fr\/neurologische-musiktherapie-sprach-sprech-und-stimmtraining\/","title":{"rendered":"NMT\u2122 \u2013 Formation en orthophonie"},"content":{"rendered":"<p>Cette section d\u00e9crit les applications de la musicoth\u00e9rapie neurologique selon Thaut pour l&#039;entra\u00eenement de la parole, du langage et de la voix.<\/p>\n\n\n\n<h4 class=\"wp-block-heading\"><strong>Apprentissage des langues par la musique<\/strong><\/h4>\n\n\n<div class=\"wp-block-image\">\n<figure class=\"alignright is-resized\"><img loading=\"lazy\" decoding=\"async\" width=\"300\" height=\"450\" src=\"http:\/\/mit-musik-geht-reha-besser.de\/wp-content\/uploads\/2019\/01\/TS_with-drum.jpg\" alt=\"\" class=\"wp-image-5\" style=\"width:102px;height:154px\" srcset=\"https:\/\/mit-musik-geht-reha-besser.de\/wp-content\/uploads\/2019\/01\/TS_with-drum.jpg 300w, https:\/\/mit-musik-geht-reha-besser.de\/wp-content\/uploads\/2019\/01\/TS_with-drum-200x300.jpg 200w\" sizes=\"auto, (max-width: 300px) 100vw, 300px\" \/><\/figure>\n<\/div>\n\n\n<p>La musicoth\u00e9rapie peut \u00eatre utilis\u00e9e pour am\u00e9liorer les fonctions c\u00e9r\u00e9brales linguistiques.,<strong> <\/strong>comment stimuler sp\u00e9cifiquement la compr\u00e9hension ou la production du langage. <em>Th\u00e9rapie par intonation m\u00e9lodique \u2013 <\/em>MIT\u2122 est utilis\u00e9 pour am\u00e9liorer la parole chez les personnes atteintes d&#039;aphasie de type Broca. Gr\u00e2ce \u00e0 l&#039;aide de <em>Stimulation musicale de la parole <\/em>L&#039;utilisation de supports musicaux de type chanson peut am\u00e9liorer non seulement la production langagi\u00e8re, mais aussi la compr\u00e9hension du langage. Ceci est \u00e9galement d\u00e9montr\u00e9 dans le <a href=\"http:\/\/mit-musik-geht-reha-besser.de\/fr\/aphasie\/\">musicoth\u00e9rapie de groupe pour l&#039;aphasie<\/a> utilis\u00e9.<\/p>\n\n\n\n<h4 class=\"wp-block-heading\"><strong>Entra\u00eenement rythmique \u00e0 la parole\u00a0<\/strong>(<strong><em>Indication rythmique de la parole \u2013 RSC<\/em><\/strong>\u2122)<\/h4>\n\n\n<div class=\"wp-block-image\">\n<figure class=\"alignright is-resized\"><img loading=\"lazy\" decoding=\"async\" width=\"300\" height=\"194\" src=\"http:\/\/mit-musik-geht-reha-besser.de\/wp-content\/uploads\/2019\/01\/korgMA30.jpg\" alt=\"\" class=\"wp-image-26\" style=\"width:75px;height:49px\"\/><\/figure>\n<\/div>\n\n\n<p>L&#039;entra\u00eenement rythmique de la parole (RSC\u2122) est une m\u00e9thode efficace pour la r\u00e9\u00e9ducation de la parole en cas de b\u00e9gaiement. Il peut \u00e9galement \u00eatre utile pour diff\u00e9rentes formes de dysarthrie (troubles de l&#039;\u00e9locution), par exemple\u2026 <a href=\"http:\/\/mit-musik-geht-reha-besser.de\/fr\/parkinson\/\">maladie de Parkinson<\/a>) ou une apraxie de la parole. La m\u00e9thode d&#039;entra\u00eenement vocal RSC\u2122 utilise les capacit\u00e9s fondamentales pr\u00e9sentes chez tous les individus. Un m\u00e9tronome (voir ci-dessous). <a href=\"http:\/\/mit-musik-geht-reha-besser.de\/fr\/zubehoer\/\">Accessoires<\/a>L&#039;orateur donne le rythme. Entra\u00eenez-vous maintenant de fa\u00e7on rythm\u00e9e, en rythme. Cet exercice d&#039;\u00e9locution contribue \u00e0 am\u00e9liorer l&#039;intelligibilit\u00e9 et la fluidit\u00e9. Plus d&#039;informations ici. <a href=\"http:\/\/global.oup.com\/booksites\/content\/9780199695461\/\">Exemples pratiques tir\u00e9s du Manuel de musicoth\u00e9rapie neurologique.<\/a><\/p>\n\n\n\n<h4 class=\"wp-block-heading\"><strong>formation vocale musicale<\/strong><\/h4>\n\n\n\n<p>Pour am\u00e9liorer la qualit\u00e9 de la voix, on utilise des exercices vocaux fonctionnels et respiratoires, similaires \u00e0 ceux pratiqu\u00e9s en formation vocale. L&#039;utilisation d&#039;instruments \u00e0 vent (comme le m\u00e9lodica) permet un travail cibl\u00e9 sur la mobilit\u00e9 des l\u00e8vres et la fonction respiratoire. <a href=\"http:\/\/mit-musik-geht-reha-besser.de\/fr\/zubehoer\/\" data-type=\"page\" data-id=\"336\">Les accessoires comprennent le recueil de chansons LiLa<\/a>. Il contient des liens vers des karaok\u00e9s \u00e0 vis\u00e9e th\u00e9rapeutique. M\u00eame les personnes ayant des probl\u00e8mes de voix peuvent chanter.<\/p>","protected":false},"excerpt":{"rendered":"<p>Hier werden Anwendungen zum Sprach-, Sprech- und Stimmtraining der Neurologischen Musiktherapie nach Thaut beschrieben. Sprachtraining mit Musik Mit musiktherapeutischen Ma\u00dfnahmen lassen sich sprachliche Hirnfunktionen, wie das Sprachverst\u00e4ndnis oder die Sprachproduktion gezielt stimulieren. Die Melodic Intonation Therapy &#8211; MIT\u2122 &#8211; dient der Verbesserung des Sprechens bei Aphasikern (Typ Broca). Mit Hilfe von Musical Speech Stimulation l\u00e4sst [&hellip;]<\/p>\n","protected":false},"author":1,"featured_media":0,"parent":0,"menu_order":4,"comment_status":"closed","ping_status":"closed","template":"","meta":{"footnotes":""},"class_list":["post-211","page","type-page","status-publish","hentry"],"_links":{"self":[{"href":"http:\/\/mit-musik-geht-reha-besser.de\/fr\/wp-json\/wp\/v2\/pages\/211","targetHints":{"allow":["GET"]}}],"collection":[{"href":"http:\/\/mit-musik-geht-reha-besser.de\/fr\/wp-json\/wp\/v2\/pages"}],"about":[{"href":"http:\/\/mit-musik-geht-reha-besser.de\/fr\/wp-json\/wp\/v2\/types\/page"}],"author":[{"embeddable":true,"href":"http:\/\/mit-musik-geht-reha-besser.de\/fr\/wp-json\/wp\/v2\/users\/1"}],"replies":[{"embeddable":true,"href":"http:\/\/mit-musik-geht-reha-besser.de\/fr\/wp-json\/wp\/v2\/comments?post=211"}],"version-history":[{"count":5,"href":"http:\/\/mit-musik-geht-reha-besser.de\/fr\/wp-json\/wp\/v2\/pages\/211\/revisions"}],"predecessor-version":[{"id":1340,"href":"http:\/\/mit-musik-geht-reha-besser.de\/fr\/wp-json\/wp\/v2\/pages\/211\/revisions\/1340"}],"wp:attachment":[{"href":"http:\/\/mit-musik-geht-reha-besser.de\/fr\/wp-json\/wp\/v2\/media?parent=211"}],"curies":[{"name":"wp","href":"https:\/\/api.w.org\/{rel}","templated":true}]}}

<p>Cette section décrit les applications de la musicothérapie neurologique selon Thaut pour l&#039;entraînement de la parole, du langage et de la voix.</p>



<h4 class="wp-block-heading"><strong>Apprentissage des langues par la musique</strong></h4>


<div class="wp-block-image">
<figure class="alignright is-resized"><img loading="lazy" decoding="async" width="300" height="450" src="http://mit-musik-geht-reha-besser.de/wp-content/uploads/2019/01/TS_with-drum.jpg" alt="" class="wp-image-5" style="width:102px;height:154px" srcset="https://mit-musik-geht-reha-besser.de/wp-content/uploads/2019/01/TS_with-drum.jpg 300w, https://mit-musik-geht-reha-besser.de/wp-content/uploads/2019/01/TS_with-drum-200x300.jpg 200w" sizes="auto, (max-width: 300px) 100vw, 300px" /></figure>
</div>


<p>La musicothérapie peut être utilisée pour améliorer les fonctions cérébrales linguistiques.,<strong> </strong>comment stimuler spécifiquement la compréhension ou la production du langage. <em>Thérapie par intonation mélodique – </em>MIT™ est utilisé pour améliorer la parole chez les personnes atteintes d&#039;aphasie de type Broca. Grâce à l&#039;aide de <em>Stimulation musicale de la parole </em>L&#039;utilisation de supports musicaux de type chanson peut améliorer non seulement la production langagière, mais aussi la compréhension du langage. Ceci est également démontré dans le <a href="http://mit-musik-geht-reha-besser.de/fr/aphasie/">musicothérapie de groupe pour l&#039;aphasie</a> utilisé.</p>



<h4 class="wp-block-heading"><strong>Entraînement rythmique à la parole </strong>(<strong><em>Indication rythmique de la parole – RSC</em></strong>™)</h4>


<div class="wp-block-image">
<figure class="alignright is-resized"><img loading="lazy" decoding="async" width="300" height="194" src="http://mit-musik-geht-reha-besser.de/wp-content/uploads/2019/01/korgMA30.jpg" alt="" class="wp-image-26" style="width:75px;height:49px"/></figure>
</div>


<p>L&#039;entraînement rythmique de la parole (RSC™) est une méthode efficace pour la rééducation de la parole en cas de bégaiement. Il peut également être utile pour différentes formes de dysarthrie (troubles de l&#039;élocution), par exemple… <a href="http://mit-musik-geht-reha-besser.de/fr/parkinson/">maladie de Parkinson</a>) ou une apraxie de la parole. La méthode d&#039;entraînement vocal RSC™ utilise les capacités fondamentales présentes chez tous les individus. Un métronome (voir ci-dessous). <a href="http://mit-musik-geht-reha-besser.de/fr/zubehoer/">Accessoires</a>L&#039;orateur donne le rythme. Entraînez-vous maintenant de façon rythmée, en rythme. Cet exercice d&#039;élocution contribue à améliorer l&#039;intelligibilité et la fluidité. Plus d&#039;informations ici. <a href="http://global.oup.com/booksites/content/9780199695461/">Exemples pratiques tirés du Manuel de musicothérapie neurologique.</a></p>



<h4 class="wp-block-heading"><strong>formation vocale musicale</strong></h4>



<p>Pour améliorer la qualité de la voix, on utilise des exercices vocaux fonctionnels et respiratoires, similaires à ceux pratiqués en formation vocale. L&#039;utilisation d&#039;instruments à vent (comme le mélodica) permet un travail ciblé sur la mobilité des lèvres et la fonction respiratoire. <a href="http://mit-musik-geht-reha-besser.de/fr/zubehoer/" data-type="page" data-id="336">Les accessoires comprennent le recueil de chansons LiLa</a>. Il contient des liens vers des karaokés à visée thérapeutique. Même les personnes ayant des problèmes de voix peuvent chanter.</p>

<p>Hier werden Anwendungen zum Sprach-, Sprech- und Stimmtraining der Neurologischen Musiktherapie nach Thaut beschrieben. Sprachtraining mit Musik Mit musiktherapeutischen Maßnahmen lassen sich sprachliche Hirnfunktionen, wie das Sprachverständnis oder die Sprachproduktion gezielt stimulieren. Die Melodic Intonation Therapy &#8211; MIT™ &#8211; dient der Verbesserung des Sprechens bei Aphasikern (Typ Broca). Mit Hilfe von Musical Speech Stimulation lässt [&hellip;]</p>
