{"id":220,"date":"2019-01-19T15:43:33","date_gmt":"2019-01-19T15:43:33","guid":{"rendered":"http:\/\/mit-musik-geht-reha-besser.de\/?page_id=220"},"modified":"2026-01-07T15:37:25","modified_gmt":"2026-01-07T15:37:25","slug":"musiktherapeutische-psychotherapie","status":"publish","type":"page","link":"http:\/\/mit-musik-geht-reha-besser.de\/fr\/musiktherapeutische-psychotherapie\/","title":{"rendered":"musicoth\u00e9rapie"},"content":{"rendered":"<div class=\"wp-block-image\">\n<figure class=\"alignright is-resized\"><img loading=\"lazy\" decoding=\"async\" width=\"600\" height=\"371\" src=\"http:\/\/mit-musik-geht-reha-besser.de\/wp-content\/uploads\/2019\/01\/rahmentrommel.jpg\" alt=\"\" class=\"wp-image-66\" style=\"width:96px;height:59px\" srcset=\"https:\/\/mit-musik-geht-reha-besser.de\/wp-content\/uploads\/2019\/01\/rahmentrommel.jpg 600w, https:\/\/mit-musik-geht-reha-besser.de\/wp-content\/uploads\/2019\/01\/rahmentrommel-300x186.jpg 300w\" sizes=\"auto, (max-width: 600px) 100vw, 600px\" \/><\/figure>\n<\/div>\n\n\n<p>Les personnes atteintes de troubles neurologiques sont souvent expos\u00e9es \u00e0 un stress psychologique extr\u00eame. La perte d&#039;aspects essentiels de leur identit\u00e9, de leur communication et de leurs perspectives d&#039;avenir peut alt\u00e9rer leur qualit\u00e9 de vie per\u00e7ue. Il est donc primordial de prendre en compte non seulement les objectifs de r\u00e9adaptation physique et fonctionnelle, mais aussi\u2026 <strong>r\u00e9alit\u00e9 psychologique<\/strong> L\u2019objectif est d\u2019int\u00e9grer le patient au concept de traitement. Les m\u00e9thodes psychoth\u00e9rapeutiques de la musicoth\u00e9rapie sont parfaitement adapt\u00e9es \u00e0 cette fin. Elles permettent le contact et la communication m\u00eame lorsque d\u2019autres formes de traitement sont inaccessibles.<\/p>\n\n\n<div class=\"wp-block-image\">\n<figure class=\"alignleft is-resized\"><img loading=\"lazy\" decoding=\"async\" width=\"1000\" height=\"665\" src=\"http:\/\/mit-musik-geht-reha-besser.de\/wp-content\/uploads\/2019\/01\/frau_lautiert.jpg\" alt=\"\" class=\"wp-image-52\" style=\"width:99px;height:65px\" srcset=\"https:\/\/mit-musik-geht-reha-besser.de\/wp-content\/uploads\/2019\/01\/frau_lautiert.jpg 1000w, https:\/\/mit-musik-geht-reha-besser.de\/wp-content\/uploads\/2019\/01\/frau_lautiert-300x200.jpg 300w, https:\/\/mit-musik-geht-reha-besser.de\/wp-content\/uploads\/2019\/01\/frau_lautiert-768x511.jpg 768w\" sizes=\"auto, (max-width: 1000px) 100vw, 1000px\" \/><\/figure>\n<\/div>\n\n\n<p>En musicoth\u00e9rapie, la musique sert de vecteur aux \u00e9motions et \u00e0 leur expression. Elle suscite chez chaque personne des sentiments et des humeurs uniques, en fonction de son histoire et de sa situation. Ces \u00e9motions et humeurs constituent le point de d\u00e9part du travail psychoth\u00e9rapeutique, permettant d&#039;acc\u00e9der \u00e0 l&#039;\u00e9tat psychologique de l&#039;individu. Ainsi, le processus important de [reconnaissance des informations manquantes] est abord\u00e9 de mani\u00e8re indirecte.<strong>\nFaire face \u00e0 la maladie <\/strong>initi\u00e9.<\/p>\n\n\n<div class=\"wp-block-image\">\n<figure class=\"alignright is-resized\"><img loading=\"lazy\" decoding=\"async\" width=\"523\" height=\"600\" src=\"http:\/\/mit-musik-geht-reha-besser.de\/wp-content\/uploads\/2019\/01\/holzfloete.jpg\" alt=\"\" class=\"wp-image-59\" style=\"width:60px;height:69px\" srcset=\"https:\/\/mit-musik-geht-reha-besser.de\/wp-content\/uploads\/2019\/01\/holzfloete.jpg 523w, https:\/\/mit-musik-geht-reha-besser.de\/wp-content\/uploads\/2019\/01\/holzfloete-262x300.jpg 262w\" sizes=\"auto, (max-width: 523px) 100vw, 523px\" \/><\/figure>\n<\/div>\n\n\n<p>Dans un contexte psychoth\u00e9rapeutique, les s\u00e9ances de musicoth\u00e9rapie de groupe peuvent \u00e9galement s&#039;av\u00e9rer importantes. Des m\u00e9thodes telles que l&#039;improvisation instrumentale en groupe, la musicoth\u00e9rapie r\u00e9ceptive de groupe ou la th\u00e9rapie par le chant en groupe permettent aux participants d&#039;explorer leur propre situation dans une atmosph\u00e8re non ax\u00e9e sur la performance.<\/p>","protected":false},"excerpt":{"rendered":"<p>Menschen mit neurologischen Erkrankungen stehen sind oft extremer seelischer Belastung ausgesetzt. Der Verlust wesentlicher Aspekte ihrer Identit\u00e4t, ihrer Kommunikation und ihrer Zukunftsperspektiven k\u00f6nnen die erlebte Lebensqualit\u00e4t mindern. Daher ist es sehr wichtig neben k\u00f6rperlich-funktionalen Rehazielen auch die seelische Lebensrealit\u00e4t der Patienten mit ins Behandlungskonzept zu integrieren. Daf\u00fcr sind die psychotherapeutischen Verfahren der Musiktherapie pr\u00e4destiniert. Sie [&hellip;]<\/p>\n","protected":false},"author":1,"featured_media":0,"parent":0,"menu_order":5,"comment_status":"closed","ping_status":"closed","template":"","meta":{"footnotes":""},"class_list":["post-220","page","type-page","status-publish","hentry"],"_links":{"self":[{"href":"http:\/\/mit-musik-geht-reha-besser.de\/fr\/wp-json\/wp\/v2\/pages\/220","targetHints":{"allow":["GET"]}}],"collection":[{"href":"http:\/\/mit-musik-geht-reha-besser.de\/fr\/wp-json\/wp\/v2\/pages"}],"about":[{"href":"http:\/\/mit-musik-geht-reha-besser.de\/fr\/wp-json\/wp\/v2\/types\/page"}],"author":[{"embeddable":true,"href":"http:\/\/mit-musik-geht-reha-besser.de\/fr\/wp-json\/wp\/v2\/users\/1"}],"replies":[{"embeddable":true,"href":"http:\/\/mit-musik-geht-reha-besser.de\/fr\/wp-json\/wp\/v2\/comments?post=220"}],"version-history":[{"count":6,"href":"http:\/\/mit-musik-geht-reha-besser.de\/fr\/wp-json\/wp\/v2\/pages\/220\/revisions"}],"predecessor-version":[{"id":1422,"href":"http:\/\/mit-musik-geht-reha-besser.de\/fr\/wp-json\/wp\/v2\/pages\/220\/revisions\/1422"}],"wp:attachment":[{"href":"http:\/\/mit-musik-geht-reha-besser.de\/fr\/wp-json\/wp\/v2\/media?parent=220"}],"curies":[{"name":"wp","href":"https:\/\/api.w.org\/{rel}","templated":true}]}}

musicothérapie

<div class="wp-block-image">
<figure class="alignright is-resized"><img loading="lazy" decoding="async" width="600" height="371" src="http://mit-musik-geht-reha-besser.de/wp-content/uploads/2019/01/rahmentrommel.jpg" alt="" class="wp-image-66" style="width:96px;height:59px" srcset="https://mit-musik-geht-reha-besser.de/wp-content/uploads/2019/01/rahmentrommel.jpg 600w, https://mit-musik-geht-reha-besser.de/wp-content/uploads/2019/01/rahmentrommel-300x186.jpg 300w" sizes="auto, (max-width: 600px) 100vw, 600px" /></figure>
</div>


<p>Les personnes atteintes de troubles neurologiques sont souvent exposées à un stress psychologique extrême. La perte d&#039;aspects essentiels de leur identité, de leur communication et de leurs perspectives d&#039;avenir peut altérer leur qualité de vie perçue. Il est donc primordial de prendre en compte non seulement les objectifs de réadaptation physique et fonctionnelle, mais aussi… <strong>réalité psychologique</strong> L’objectif est d’intégrer le patient au concept de traitement. Les méthodes psychothérapeutiques de la musicothérapie sont parfaitement adaptées à cette fin. Elles permettent le contact et la communication même lorsque d’autres formes de traitement sont inaccessibles.</p>


<div class="wp-block-image">
<figure class="alignleft is-resized"><img loading="lazy" decoding="async" width="1000" height="665" src="http://mit-musik-geht-reha-besser.de/wp-content/uploads/2019/01/frau_lautiert.jpg" alt="" class="wp-image-52" style="width:99px;height:65px" srcset="https://mit-musik-geht-reha-besser.de/wp-content/uploads/2019/01/frau_lautiert.jpg 1000w, https://mit-musik-geht-reha-besser.de/wp-content/uploads/2019/01/frau_lautiert-300x200.jpg 300w, https://mit-musik-geht-reha-besser.de/wp-content/uploads/2019/01/frau_lautiert-768x511.jpg 768w" sizes="auto, (max-width: 1000px) 100vw, 1000px" /></figure>
</div>


<p>En musicothérapie, la musique sert de vecteur aux émotions et à leur expression. Elle suscite chez chaque personne des sentiments et des humeurs uniques, en fonction de son histoire et de sa situation. Ces émotions et humeurs constituent le point de départ du travail psychothérapeutique, permettant d&#039;accéder à l&#039;état psychologique de l&#039;individu. Ainsi, le processus important de [reconnaissance des informations manquantes] est abordé de manière indirecte.<strong>
Faire face à la maladie </strong>initié.</p>


<div class="wp-block-image">
<figure class="alignright is-resized"><img loading="lazy" decoding="async" width="523" height="600" src="http://mit-musik-geht-reha-besser.de/wp-content/uploads/2019/01/holzfloete.jpg" alt="" class="wp-image-59" style="width:60px;height:69px" srcset="https://mit-musik-geht-reha-besser.de/wp-content/uploads/2019/01/holzfloete.jpg 523w, https://mit-musik-geht-reha-besser.de/wp-content/uploads/2019/01/holzfloete-262x300.jpg 262w" sizes="auto, (max-width: 523px) 100vw, 523px" /></figure>
</div>


<p>Dans un contexte psychothérapeutique, les séances de musicothérapie de groupe peuvent également s&#039;avérer importantes. Des méthodes telles que l&#039;improvisation instrumentale en groupe, la musicothérapie réceptive de groupe ou la thérapie par le chant en groupe permettent aux participants d&#039;explorer leur propre situation dans une atmosphère non axée sur la performance.</p>

<p>Menschen mit neurologischen Erkrankungen stehen sind oft extremer seelischer Belastung ausgesetzt. Der Verlust wesentlicher Aspekte ihrer Identität, ihrer Kommunikation und ihrer Zukunftsperspektiven können die erlebte Lebensqualität mindern. Daher ist es sehr wichtig neben körperlich-funktionalen Rehazielen auch die seelische Lebensrealität der Patienten mit ins Behandlungskonzept zu integrieren. Dafür sind die psychotherapeutischen Verfahren der Musiktherapie prädestiniert. Sie [&hellip;]</p>
