{"id":266,"date":"2019-02-17T13:51:10","date_gmt":"2019-02-17T13:51:10","guid":{"rendered":"http:\/\/mit-musik-geht-reha-besser.de\/?page_id=266"},"modified":"2026-01-09T13:25:55","modified_gmt":"2026-01-09T13:25:55","slug":"sht","status":"publish","type":"page","link":"http:\/\/mit-musik-geht-reha-besser.de\/fr\/sht\/","title":{"rendered":"traumatisme cr\u00e2nien"},"content":{"rendered":"<div class=\"wp-block-image\">\n<figure class=\"alignright is-resized\"><img loading=\"lazy\" decoding=\"async\" width=\"652\" height=\"1000\" src=\"http:\/\/mit-musik-geht-reha-besser.de\/wp-content\/uploads\/2019\/01\/flur_neurologie.jpg\" alt=\"\" class=\"wp-image-51\" style=\"width:78px;height:118px\" srcset=\"https:\/\/mit-musik-geht-reha-besser.de\/wp-content\/uploads\/2019\/01\/flur_neurologie.jpg 652w, https:\/\/mit-musik-geht-reha-besser.de\/wp-content\/uploads\/2019\/01\/flur_neurologie-196x300.jpg 196w\" sizes=\"auto, (max-width: 652px) 100vw, 652px\" \/><\/figure>\n<\/div>\n\n\n<p>Ein Sch\u00e4delhirntrauma (SHT) ist eine Verletzung des Gehirns durch eine mechanische Einwirkung. Diese hat schwerwiegende Folgen f\u00fcr den Betroffenen. Die Inhalte und Ziele einer musiktherapeutischen Behandlung richten sich nach der Behandlungsphase, in welcher die Therapie beginnt.<\/p>\n\n\n<div class=\"wp-block-image\">\n<figure class=\"alignleft is-resized\"><img loading=\"lazy\" decoding=\"async\" width=\"1000\" height=\"665\" src=\"http:\/\/mit-musik-geht-reha-besser.de\/wp-content\/uploads\/2019\/01\/haende_kind-im-bett.jpg\" alt=\"\" class=\"wp-image-57\" style=\"width:117px;height:77px\" srcset=\"https:\/\/mit-musik-geht-reha-besser.de\/wp-content\/uploads\/2019\/01\/haende_kind-im-bett.jpg 1000w, https:\/\/mit-musik-geht-reha-besser.de\/wp-content\/uploads\/2019\/01\/haende_kind-im-bett-300x200.jpg 300w, https:\/\/mit-musik-geht-reha-besser.de\/wp-content\/uploads\/2019\/01\/haende_kind-im-bett-768x511.jpg 768w\" sizes=\"auto, (max-width: 1000px) 100vw, 1000px\" \/><\/figure>\n<\/div>\n\n\n<p>Dans la phase initiale, on observe souvent une augmentation de la pression intracr\u00e2nienne, due \u00e0 une h\u00e9morragie ou \u00e0 un \u0153d\u00e8me. Durant cette phase, les patients sont fr\u00e9quemment dans le coma ou pr\u00e9sentent des troubles de la conscience. Le traitement de ces patients consiste \u00e0\u2026 <a href=\"http:\/\/mit-musik-geht-reha-besser.de\/fr\/wachkoma-2\/\">Syndrome apallique \/ \u00e9tat v\u00e9g\u00e9tatif <\/a> d\u00e9crit. \u00c0 mesure que l&#039;\u00e9veil progresse, les effets cognitifs et moteurs du traumatisme cr\u00e2nien deviennent apparents et acqui\u00e8rent ainsi une pertinence th\u00e9rapeutique.<\/p>\n\n\n<div class=\"wp-block-image\">\n<figure class=\"alignright is-resized\"><img loading=\"lazy\" decoding=\"async\" width=\"1000\" height=\"665\" src=\"http:\/\/mit-musik-geht-reha-besser.de\/wp-content\/uploads\/2019\/01\/verschwommene_punkte.jpg\" alt=\"\" class=\"wp-image-69\" style=\"width:108px;height:71px\" srcset=\"https:\/\/mit-musik-geht-reha-besser.de\/wp-content\/uploads\/2019\/01\/verschwommene_punkte.jpg 1000w, https:\/\/mit-musik-geht-reha-besser.de\/wp-content\/uploads\/2019\/01\/verschwommene_punkte-300x200.jpg 300w, https:\/\/mit-musik-geht-reha-besser.de\/wp-content\/uploads\/2019\/01\/verschwommene_punkte-768x511.jpg 768w\" sizes=\"auto, (max-width: 1000px) 100vw, 1000px\" \/><\/figure>\n<\/div>\n\n\n<p>Tr\u00e8s souvent, les r\u00e9gions frontales du cerveau sont touch\u00e9es lors d&#039;un traumatisme cr\u00e2nien. Ceci entra\u00eene alors un syndrome dysex\u00e9cutif. Les patients \u00e9prouvent des difficult\u00e9s au niveau du comportement social, du contr\u00f4le de leurs \u00e9motions et de la r\u00e9solution des probl\u00e8mes quotidiens.<\/p>\n\n\n<div class=\"wp-block-image\">\n<figure class=\"alignleft is-resized\"><img loading=\"lazy\" decoding=\"async\" width=\"600\" height=\"371\" src=\"http:\/\/mit-musik-geht-reha-besser.de\/wp-content\/uploads\/2019\/01\/rahmentrommel.jpg\" alt=\"\" class=\"wp-image-66\" style=\"width:100px;height:61px\" srcset=\"https:\/\/mit-musik-geht-reha-besser.de\/wp-content\/uploads\/2019\/01\/rahmentrommel.jpg 600w, https:\/\/mit-musik-geht-reha-besser.de\/wp-content\/uploads\/2019\/01\/rahmentrommel-300x186.jpg 300w\" sizes=\"auto, (max-width: 600px) 100vw, 600px\" \/><\/figure>\n<\/div>\n\n\n<p>In einer musiktherapeutischen Gruppentherapie kann das Sozialverhalten trainiert werden (gemeinsames Musizieren nach Regeln). Musik und Emotionalit\u00e4t stehen in engem Zusammenhang. Somit bietet in der Arbeit mit den Emotionen der Patienten Musiktherapie einen guten Zugang. St\u00f6rungen des Antriebs, der Aufmerksamkeit und der Probleml\u00f6sestrategien lassen sich im aktiven musikalischen Spiel &#8222;quasi&#8220; live abbilden und be\u00fcben. Dies kann in einer kleineren Gruppe von 3 &#8211; 6 Patienten geschehen, die mitainder auf einfach handhabbaren Instrumenten musizieren. Dabei werden von Therapeuten Musikspiele und musikalische Abl\u00e4ufe initiiert, die gezielt auf die individuellen Bed\u00fcrfnisse der Betroffenen eingehen. Der aktive Einbezug, das Hantieren mit Instrumenten und die vorgegebene Struktur der musikalischen Interaktion stellen sicher, dass die Patienten bestm\u00f6glich in ihrer Rehabilitation unterst\u00fctzt werden.<\/p>\n\n\n\n<p>Auch an Sehst\u00f6rungen (Gesichtsfeldausf\u00e4lle) muss gedacht werden, da das Gehirn bei frontaler Gewalteinwirkung m\u00f6glicherweise hinten an den Sch\u00e4delknochen gedr\u00fcckt wurde und sich somit auch dort Verletzungen ereignen k\u00f6nnen. Hierf\u00fcr bietet das Instrumentarium in der Musiktherapie mannigfaltige Optionen der Einbeziehung, der Kompentation und auch des gezielten Trainings.<\/p>\n\n\n\n<p>Une l\u00e9sion \u00e0 l&#039;avant gauche de la t\u00eate est susceptible d&#039;entra\u00eener une aphasie (trouble du langage). Celle-ci est souvent traitable par\u2026 <a href=\"http:\/\/mit-musik-geht-reha-besser.de\/fr\/aphasie\/\">M\u00e9thodes de musicoth\u00e9rapie pour l&#039;aphasie<\/a> traiter.<\/p>\n\n\n\n<p>H\u00e4ufig leiden Patienten mit einem SHT an Beeintr\u00e4chtigungen ihres Ged\u00e4chtnisses. Musikalische Erinnerungen sind oft tief verankert und k\u00f6nnen bei der Therapie dieser sogenannten Amnesien genutzt werden. Man kann mit Musik &#8222;Anker&#8220; setzen oder an \u00e4ltere &#8222;Anker&#8220; (z.B. altbekannte Lieder) ankn\u00fcpfen.<\/p>\n\n\n\n<p>Die gute Erinnerbarkeit an musikalische Aktivit\u00e4t erleichtert den Transfer des Be\u00fcbten in den Alltag des Patienten &#8211; was schlie\u00dflich das Ziel der Behandlung darstellt. Das betrifft motorische Probleme, genauso wie die genannten kognitiven Schwierigkeiten oder die Symptome, welche die Sprache betreffen.  <\/p>\n\n\n\n<p>Auch die psychischen Belastungen durch eine so pl\u00f6tzliche k\u00f6rperliche Verletzung mit all ihren Auswirkungen f\u00fcr das Leben der Patienten sind immens. Es wird eine tiefgreifende Krankheitsverarbeitung notwendig. Hierbei k\u00f6nnen <a href=\"http:\/\/mit-musik-geht-reha-besser.de\/fr\/musiktherapeutische-psychotherapie\/\">Approches psychoth\u00e9rapeutiques musicales<\/a> entrer en jeu.\u00a0<\/p>\n\n\n\n<p><\/p>","protected":false},"excerpt":{"rendered":"<p>Ein Sch\u00e4delhirntrauma (SHT) ist eine Verletzung des Gehirns durch eine mechanische Einwirkung. Diese hat schwerwiegende Folgen f\u00fcr den Betroffenen. Die Inhalte und Ziele einer musiktherapeutischen Behandlung richten sich nach der Behandlungsphase, in welcher die Therapie beginnt. In der Anfangsphase kommt es oft zu einem Druckanstieg im Gehirn, verursacht durch Blutungen oder \u00d6deme. In dieser Phase [&hellip;]<\/p>\n","protected":false},"author":1,"featured_media":0,"parent":0,"menu_order":3,"comment_status":"closed","ping_status":"closed","template":"","meta":{"footnotes":""},"class_list":["post-266","page","type-page","status-publish","hentry"],"_links":{"self":[{"href":"http:\/\/mit-musik-geht-reha-besser.de\/fr\/wp-json\/wp\/v2\/pages\/266","targetHints":{"allow":["GET"]}}],"collection":[{"href":"http:\/\/mit-musik-geht-reha-besser.de\/fr\/wp-json\/wp\/v2\/pages"}],"about":[{"href":"http:\/\/mit-musik-geht-reha-besser.de\/fr\/wp-json\/wp\/v2\/types\/page"}],"author":[{"embeddable":true,"href":"http:\/\/mit-musik-geht-reha-besser.de\/fr\/wp-json\/wp\/v2\/users\/1"}],"replies":[{"embeddable":true,"href":"http:\/\/mit-musik-geht-reha-besser.de\/fr\/wp-json\/wp\/v2\/comments?post=266"}],"version-history":[{"count":5,"href":"http:\/\/mit-musik-geht-reha-besser.de\/fr\/wp-json\/wp\/v2\/pages\/266\/revisions"}],"predecessor-version":[{"id":1425,"href":"http:\/\/mit-musik-geht-reha-besser.de\/fr\/wp-json\/wp\/v2\/pages\/266\/revisions\/1425"}],"wp:attachment":[{"href":"http:\/\/mit-musik-geht-reha-besser.de\/fr\/wp-json\/wp\/v2\/media?parent=266"}],"curies":[{"name":"wp","href":"https:\/\/api.w.org\/{rel}","templated":true}]}}

traumatisme crânien

<div class="wp-block-image">
<figure class="alignright is-resized"><img loading="lazy" decoding="async" width="652" height="1000" src="http://mit-musik-geht-reha-besser.de/wp-content/uploads/2019/01/flur_neurologie.jpg" alt="" class="wp-image-51" style="width:78px;height:118px" srcset="https://mit-musik-geht-reha-besser.de/wp-content/uploads/2019/01/flur_neurologie.jpg 652w, https://mit-musik-geht-reha-besser.de/wp-content/uploads/2019/01/flur_neurologie-196x300.jpg 196w" sizes="auto, (max-width: 652px) 100vw, 652px" /></figure>
</div>


<p>Ein Schädelhirntrauma (SHT) ist eine Verletzung des Gehirns durch eine mechanische Einwirkung. Diese hat schwerwiegende Folgen für den Betroffenen. Die Inhalte und Ziele einer musiktherapeutischen Behandlung richten sich nach der Behandlungsphase, in welcher die Therapie beginnt.</p>


<div class="wp-block-image">
<figure class="alignleft is-resized"><img loading="lazy" decoding="async" width="1000" height="665" src="http://mit-musik-geht-reha-besser.de/wp-content/uploads/2019/01/haende_kind-im-bett.jpg" alt="" class="wp-image-57" style="width:117px;height:77px" srcset="https://mit-musik-geht-reha-besser.de/wp-content/uploads/2019/01/haende_kind-im-bett.jpg 1000w, https://mit-musik-geht-reha-besser.de/wp-content/uploads/2019/01/haende_kind-im-bett-300x200.jpg 300w, https://mit-musik-geht-reha-besser.de/wp-content/uploads/2019/01/haende_kind-im-bett-768x511.jpg 768w" sizes="auto, (max-width: 1000px) 100vw, 1000px" /></figure>
</div>


<p>Dans la phase initiale, on observe souvent une augmentation de la pression intracrânienne, due à une hémorragie ou à un œdème. Durant cette phase, les patients sont fréquemment dans le coma ou présentent des troubles de la conscience. Le traitement de ces patients consiste à… <a href="http://mit-musik-geht-reha-besser.de/fr/wachkoma-2/">Syndrome apallique / état végétatif </a> décrit. À mesure que l&#039;éveil progresse, les effets cognitifs et moteurs du traumatisme crânien deviennent apparents et acquièrent ainsi une pertinence thérapeutique.</p>


<div class="wp-block-image">
<figure class="alignright is-resized"><img loading="lazy" decoding="async" width="1000" height="665" src="http://mit-musik-geht-reha-besser.de/wp-content/uploads/2019/01/verschwommene_punkte.jpg" alt="" class="wp-image-69" style="width:108px;height:71px" srcset="https://mit-musik-geht-reha-besser.de/wp-content/uploads/2019/01/verschwommene_punkte.jpg 1000w, https://mit-musik-geht-reha-besser.de/wp-content/uploads/2019/01/verschwommene_punkte-300x200.jpg 300w, https://mit-musik-geht-reha-besser.de/wp-content/uploads/2019/01/verschwommene_punkte-768x511.jpg 768w" sizes="auto, (max-width: 1000px) 100vw, 1000px" /></figure>
</div>


<p>Très souvent, les régions frontales du cerveau sont touchées lors d&#039;un traumatisme crânien. Ceci entraîne alors un syndrome dysexécutif. Les patients éprouvent des difficultés au niveau du comportement social, du contrôle de leurs émotions et de la résolution des problèmes quotidiens.</p>


<div class="wp-block-image">
<figure class="alignleft is-resized"><img loading="lazy" decoding="async" width="600" height="371" src="http://mit-musik-geht-reha-besser.de/wp-content/uploads/2019/01/rahmentrommel.jpg" alt="" class="wp-image-66" style="width:100px;height:61px" srcset="https://mit-musik-geht-reha-besser.de/wp-content/uploads/2019/01/rahmentrommel.jpg 600w, https://mit-musik-geht-reha-besser.de/wp-content/uploads/2019/01/rahmentrommel-300x186.jpg 300w" sizes="auto, (max-width: 600px) 100vw, 600px" /></figure>
</div>


<p>In einer musiktherapeutischen Gruppentherapie kann das Sozialverhalten trainiert werden (gemeinsames Musizieren nach Regeln). Musik und Emotionalität stehen in engem Zusammenhang. Somit bietet in der Arbeit mit den Emotionen der Patienten Musiktherapie einen guten Zugang. Störungen des Antriebs, der Aufmerksamkeit und der Problemlösestrategien lassen sich im aktiven musikalischen Spiel &#8222;quasi&#8220; live abbilden und beüben. Dies kann in einer kleineren Gruppe von 3 &#8211; 6 Patienten geschehen, die mitainder auf einfach handhabbaren Instrumenten musizieren. Dabei werden von Therapeuten Musikspiele und musikalische Abläufe initiiert, die gezielt auf die individuellen Bedürfnisse der Betroffenen eingehen. Der aktive Einbezug, das Hantieren mit Instrumenten und die vorgegebene Struktur der musikalischen Interaktion stellen sicher, dass die Patienten bestmöglich in ihrer Rehabilitation unterstützt werden.</p>



<p>Auch an Sehstörungen (Gesichtsfeldausfälle) muss gedacht werden, da das Gehirn bei frontaler Gewalteinwirkung möglicherweise hinten an den Schädelknochen gedrückt wurde und sich somit auch dort Verletzungen ereignen können. Hierfür bietet das Instrumentarium in der Musiktherapie mannigfaltige Optionen der Einbeziehung, der Kompentation und auch des gezielten Trainings.</p>



<p>Une lésion à l&#039;avant gauche de la tête est susceptible d&#039;entraîner une aphasie (trouble du langage). Celle-ci est souvent traitable par… <a href="http://mit-musik-geht-reha-besser.de/fr/aphasie/">Méthodes de musicothérapie pour l&#039;aphasie</a> traiter.</p>



<p>Häufig leiden Patienten mit einem SHT an Beeinträchtigungen ihres Gedächtnisses. Musikalische Erinnerungen sind oft tief verankert und können bei der Therapie dieser sogenannten Amnesien genutzt werden. Man kann mit Musik &#8222;Anker&#8220; setzen oder an ältere &#8222;Anker&#8220; (z.B. altbekannte Lieder) anknüpfen.</p>



<p>Die gute Erinnerbarkeit an musikalische Aktivität erleichtert den Transfer des Beübten in den Alltag des Patienten &#8211; was schließlich das Ziel der Behandlung darstellt. Das betrifft motorische Probleme, genauso wie die genannten kognitiven Schwierigkeiten oder die Symptome, welche die Sprache betreffen.  </p>



<p>Auch die psychischen Belastungen durch eine so plötzliche körperliche Verletzung mit all ihren Auswirkungen für das Leben der Patienten sind immens. Es wird eine tiefgreifende Krankheitsverarbeitung notwendig. Hierbei können <a href="http://mit-musik-geht-reha-besser.de/fr/musiktherapeutische-psychotherapie/">Approches psychothérapeutiques musicales</a> entrer en jeu. </p>



<p></p>

<p>Ein Schädelhirntrauma (SHT) ist eine Verletzung des Gehirns durch eine mechanische Einwirkung. Diese hat schwerwiegende Folgen für den Betroffenen. Die Inhalte und Ziele einer musiktherapeutischen Behandlung richten sich nach der Behandlungsphase, in welcher die Therapie beginnt. In der Anfangsphase kommt es oft zu einem Druckanstieg im Gehirn, verursacht durch Blutungen oder Ödeme. In dieser Phase [&hellip;]</p>
