{"id":1261,"date":"2024-06-25T09:39:01","date_gmt":"2024-06-25T09:39:01","guid":{"rendered":"https:\/\/mit-musik-geht-reha-besser.de\/?page_id=1261"},"modified":"2024-06-25T09:39:01","modified_gmt":"2024-06-25T09:39:01","slug":"musik-als-therapieempfehlung-bei-bewusstseinsstoerung","status":"publish","type":"page","link":"https:\/\/mit-musik-geht-reha-besser.de\/es\/musik-als-therapieempfehlung-bei-bewusstseinsstoerung\/","title":{"rendered":"La m\u00fasica como recomendaci\u00f3n terap\u00e9utica para los trastornos de la conciencia"},"content":{"rendered":"<p>Tras un da\u00f1o cerebral causado por una enfermedad neurol\u00f3gica, un accidente cerebrovascular, un traumatismo craneoencef\u00e1lico o como consecuencia de la extirpaci\u00f3n de un tumor, pueden producirse graves alteraciones de la consciencia. Esto tambi\u00e9n se conoce como estado vegetativo., <em>estado de respuesta m\u00ednimo <\/em>o <em>estado vegetativo<\/em> Esta condici\u00f3n se describe de la siguiente manera: los afectados est\u00e1n mayormente despiertos, pero no reaccionan en absoluto o solo m\u00ednimamente a su entorno, incluso cuando se les habla o reciben est\u00edmulos sensoriales del exterior.<\/p>\n\n\n<div class=\"wp-block-image\">\n<figure class=\"alignright size-full is-resized\"><img loading=\"lazy\" decoding=\"async\" width=\"350\" height=\"263\" src=\"https:\/\/mit-musik-geht-reha-besser.de\/wp-content\/uploads\/2019\/01\/wachkoma.jpg\" alt=\"\" class=\"wp-image-6\" style=\"width:238px;height:auto\" srcset=\"https:\/\/mit-musik-geht-reha-besser.de\/wp-content\/uploads\/2019\/01\/wachkoma.jpg 350w, https:\/\/mit-musik-geht-reha-besser.de\/wp-content\/uploads\/2019\/01\/wachkoma-300x225.jpg 300w\" sizes=\"auto, (max-width: 350px) 100vw, 350px\" \/><\/figure>\n<\/div>\n\n\n<p>La gu\u00eda de tratamiento de la Sociedad Alemana de Neurolog\u00eda (DGN) recomienda ahora una [gu\u00eda de tratamiento] para estos pacientes. <a href=\"https:\/\/mit-musik-geht-reha-besser.de\/es\/wachkoma-2\/\" data-type=\"page\" data-id=\"205\">Tratamiento con musicoterapia<\/a>. En esta forma de terapia, el terapeuta utiliza sonidos familiares, la voz cantada o m\u00fasica significativa para la vida de la persona. La m\u00fasica tiene un efecto intenso y a menudo duradero en la funci\u00f3n cerebral. Puede mejorar la capacidad de respuesta de las personas con deterioro de la consciencia, ayudando as\u00ed a estimular la alerta y la comunicaci\u00f3n.<\/p>\n\n\n\n<p> La Sociedad Alemana de Neurolog\u00eda (DGN) evalu\u00f3 tres estudios cl\u00ednicos para la recomendaci\u00f3n de sus directrices. Las tres publicaciones fueron de alta calidad cient\u00edfica y demostraron una mejora en la interacci\u00f3n con el entorno como resultado de la musicoterapia. Por lo tanto, la recomendaci\u00f3n de las directrices establece que los pacientes afectados &quot;deber\u00edan&quot; recibir musicoterapia. En las directrices publicadas por la Asociaci\u00f3n de Investigaci\u00f3n M\u00e9dica Cient\u00edfica (AWMF), las recomendaciones generalmente se formulan como &quot;deber\u00edan&quot;, &quot;deber\u00edan&quot; o &quot;pueden&quot;. Una recomendaci\u00f3n &quot;deber\u00eda&quot; significa que la mayor\u00eda de los pacientes deber\u00edan recibir dicho tratamiento.<\/p>\n\n\n\n<p>Investigadores del cerebro, como el neurocient\u00edfico musical alem\u00e1n, el profesor Stefan Koelsch, ven la cualidad \u00fanica de la m\u00fasica en su capacidad para estimular redes neuronales complejas en el cerebro humano. Esto no solo evoca emociones y recuerdos, sino que tambi\u00e9n desencadena simult\u00e1neamente procesos mentales como el movimiento o una mayor concentraci\u00f3n.<\/p>\n\n\n\n<p>La gu\u00eda considera que las ventajas del tratamiento de musicoterapia residen en que la terapia tiene pocos efectos secundarios y es relativamente f\u00e1cil de aplicar.<\/p>\n\n\n\n<p class=\"has-text-align-right has-small-font-size\"><a href=\"https:\/\/register.awmf.org\/de\/leitlinien\/detail\/080-006\" data-type=\"link\" data-id=\"https:\/\/register.awmf.org\/de\/leitlinien\/detail\/080-006\" target=\"_blank\" rel=\"noreferrer noopener\">Andreas Bender et al. (2022). Gu\u00eda S3: Rehabilitaci\u00f3n neurol\u00f3gica en coma y deterioro grave de la consciencia en la edad adulta. En: Sociedad Alemana de Neurorrehabilitaci\u00f3n (DGNR) (Ed.), Gu\u00edas para la Neurorrehabilitaci\u00f3n. Edici\u00f3n 2022 \/ 23\/12\/2022<\/a><\/p>\n\n\n\n<p class=\"has-text-align-right has-small-font-size\">Stefan Koelsch (2019). Buenas vibraciones: el poder curativo de la m\u00fasica. Editorial Ullstein<\/p>\n\n\n\n<ol class=\"wp-block-list\"><\/ol>","protected":false},"excerpt":{"rendered":"<p>Nach Hirnsch\u00e4digung durch eine neurologische Erkrankung, einen Schlaganfall, ein Sch\u00e4delhirntrauma oder als Folge einer Tumorentfernung k\u00f6nnen schwerwiegende St\u00f6rungen des Bewusstseins auftreten. Diese werden auch als Wachkoma, minimal responsive state oder vegetative state bezeichnet. Die Betroffenen sind zumeist wach, reagieren jedoch gar nicht oder nur minimal auf ihre Umwelt, inklusive Ansprache oder sensorische Reize von au\u00dfen. [&hellip;]<\/p>\n","protected":false},"author":1,"featured_media":0,"parent":0,"menu_order":0,"comment_status":"closed","ping_status":"closed","template":"","meta":{"footnotes":""},"class_list":["post-1261","page","type-page","status-publish","hentry"],"_links":{"self":[{"href":"https:\/\/mit-musik-geht-reha-besser.de\/es\/wp-json\/wp\/v2\/pages\/1261","targetHints":{"allow":["GET"]}}],"collection":[{"href":"https:\/\/mit-musik-geht-reha-besser.de\/es\/wp-json\/wp\/v2\/pages"}],"about":[{"href":"https:\/\/mit-musik-geht-reha-besser.de\/es\/wp-json\/wp\/v2\/types\/page"}],"author":[{"embeddable":true,"href":"https:\/\/mit-musik-geht-reha-besser.de\/es\/wp-json\/wp\/v2\/users\/1"}],"replies":[{"embeddable":true,"href":"https:\/\/mit-musik-geht-reha-besser.de\/es\/wp-json\/wp\/v2\/comments?post=1261"}],"version-history":[{"count":1,"href":"https:\/\/mit-musik-geht-reha-besser.de\/es\/wp-json\/wp\/v2\/pages\/1261\/revisions"}],"predecessor-version":[{"id":1262,"href":"https:\/\/mit-musik-geht-reha-besser.de\/es\/wp-json\/wp\/v2\/pages\/1261\/revisions\/1262"}],"wp:attachment":[{"href":"https:\/\/mit-musik-geht-reha-besser.de\/es\/wp-json\/wp\/v2\/media?parent=1261"}],"curies":[{"name":"wp","href":"https:\/\/api.w.org\/{rel}","templated":true}]}}

La música como recomendación terapéutica para los trastornos de la conciencia

<p>Tras un daño cerebral causado por una enfermedad neurológica, un accidente cerebrovascular, un traumatismo craneoencefálico o como consecuencia de la extirpación de un tumor, pueden producirse graves alteraciones de la consciencia. Esto también se conoce como estado vegetativo., <em>estado de respuesta mínimo </em>o <em>estado vegetativo</em> Esta condición se describe de la siguiente manera: los afectados están mayormente despiertos, pero no reaccionan en absoluto o solo mínimamente a su entorno, incluso cuando se les habla o reciben estímulos sensoriales del exterior.</p>


<div class="wp-block-image">
<figure class="alignright size-full is-resized"><img loading="lazy" decoding="async" width="350" height="263" src="https://mit-musik-geht-reha-besser.de/wp-content/uploads/2019/01/wachkoma.jpg" alt="" class="wp-image-6" style="width:238px;height:auto" srcset="https://mit-musik-geht-reha-besser.de/wp-content/uploads/2019/01/wachkoma.jpg 350w, https://mit-musik-geht-reha-besser.de/wp-content/uploads/2019/01/wachkoma-300x225.jpg 300w" sizes="auto, (max-width: 350px) 100vw, 350px" /></figure>
</div>


<p>La guía de tratamiento de la Sociedad Alemana de Neurología (DGN) recomienda ahora una [guía de tratamiento] para estos pacientes. <a href="https://mit-musik-geht-reha-besser.de/es/wachkoma-2/" data-type="page" data-id="205">Tratamiento con musicoterapia</a>. En esta forma de terapia, el terapeuta utiliza sonidos familiares, la voz cantada o música significativa para la vida de la persona. La música tiene un efecto intenso y a menudo duradero en la función cerebral. Puede mejorar la capacidad de respuesta de las personas con deterioro de la consciencia, ayudando así a estimular la alerta y la comunicación.</p>



<p> La Sociedad Alemana de Neurología (DGN) evaluó tres estudios clínicos para la recomendación de sus directrices. Las tres publicaciones fueron de alta calidad científica y demostraron una mejora en la interacción con el entorno como resultado de la musicoterapia. Por lo tanto, la recomendación de las directrices establece que los pacientes afectados &quot;deberían&quot; recibir musicoterapia. En las directrices publicadas por la Asociación de Investigación Médica Científica (AWMF), las recomendaciones generalmente se formulan como &quot;deberían&quot;, &quot;deberían&quot; o &quot;pueden&quot;. Una recomendación &quot;debería&quot; significa que la mayoría de los pacientes deberían recibir dicho tratamiento.</p>



<p>Investigadores del cerebro, como el neurocientífico musical alemán, el profesor Stefan Koelsch, ven la cualidad única de la música en su capacidad para estimular redes neuronales complejas en el cerebro humano. Esto no solo evoca emociones y recuerdos, sino que también desencadena simultáneamente procesos mentales como el movimiento o una mayor concentración.</p>



<p>La guía considera que las ventajas del tratamiento de musicoterapia residen en que la terapia tiene pocos efectos secundarios y es relativamente fácil de aplicar.</p>



<p class="has-text-align-right has-small-font-size"><a href="https://register.awmf.org/de/leitlinien/detail/080-006" data-type="link" data-id="https://register.awmf.org/de/leitlinien/detail/080-006" target="_blank" rel="noreferrer noopener">Andreas Bender et al. (2022). Guía S3: Rehabilitación neurológica en coma y deterioro grave de la consciencia en la edad adulta. En: Sociedad Alemana de Neurorrehabilitación (DGNR) (Ed.), Guías para la Neurorrehabilitación. Edición 2022 / 23/12/2022</a></p>



<p class="has-text-align-right has-small-font-size">Stefan Koelsch (2019). Buenas vibraciones: el poder curativo de la música. Editorial Ullstein</p>



<ol class="wp-block-list"></ol>

<p>Nach Hirnschädigung durch eine neurologische Erkrankung, einen Schlaganfall, ein Schädelhirntrauma oder als Folge einer Tumorentfernung können schwerwiegende Störungen des Bewusstseins auftreten. Diese werden auch als Wachkoma, minimal responsive state oder vegetative state bezeichnet. Die Betroffenen sind zumeist wach, reagieren jedoch gar nicht oder nur minimal auf ihre Umwelt, inklusive Ansprache oder sensorische Reize von außen. [&hellip;]</p>
